/(-12)*6/4. Calculate the greatest common divisor of 14 and h.
14
Let d(g) = g**3 + 12*g**2 - 15*g - 16. Let j be (39/2)/(-3)*2. Let z be d(j). Calculate the greatest common factor of 80 and z.
10
Let h = -15 + 27. Suppose 0 = -2*g + h - 2. Suppose k - 3*i = 10, -k - 2 = -4*k - g*i. What is the greatest common divisor of k and 4?
4
Let b = -25 - -43. Suppose 0*v - b = -3*v. What is the highest common factor of 42 and v?
6
Suppose 37*i = 32*i + 810. What is the highest common divisor of i and 18?
18
Suppose 4*v + v = 25. Suppose x + 8 = v*n, -6 = -2*n + 2. What is the greatest common factor of 120 and x?
12
Let v be (21/(-2))/(3/(-24)). Let n = v + -14. Calculate the highest common factor of 14 and n.
14
Suppose 32 - 12 = 5*b, 4*b - 30 = 2*q. Let p = 8 + q. Calculate the greatest common divisor of 3 and p.
1
Let b(i) = 6*i**2 + i - 1. Let g be b(-2). Calculate the highest common divisor of 21 and g.
21
Let k = 11 - 6. Suppose 30 = -4*j + 7*j. What is the greatest common divisor of j and k?
5
Suppose b = 3*j + 98, 2*j - 316 = -0*b - 3*b. Calculate the highest common divisor of 78 and b.
26
Let y = 6 + -2. Let c = 7 + y. What is the greatest common divisor of 121 and c?
11
Let u(x) = -2*x + 4*x + 5*x**2 - 2*x**2. Let t be u(-3). Suppose -4*r + t = -r. Calculate the greatest common factor of 21 and r.
7
Suppose 5*f - 40 = -5*s, 5*f + 8 = s - 24. What is the greatest common factor of 8 and s?
4
Let c be ((-40)/3)/((-44)/66). What is the highest common factor of c and 30?
10
Let x be (39/2)/3 - 9/18. Calculate the greatest common divisor of 24 and x.
6
Let v be 2/8*2*260. Let a be (-16 + 3)/((-1)/2). Calculate the highest common divisor of v and a.
26
Let d(n) = n - 3*n**2 + 3*n**2 - 2*n + 7 + n**2. Let y be d(0). What is the highest common factor of 1 and y?
1
Suppose 15*v - 84 = 8*v. What is the greatest common divisor of 12 and v?
12
Let u = -58 + 108. Let m be (-24)/(3/(-1)) + -2. Let r be 1/3 + 58/m. Calculate the greatest common divisor of u and r.
10
Let m be (36/(-10))/(4/(-260)). Calculate the greatest common divisor of 26 and m.
26
Let d(a) = a**3 + 6*a**2 + 4*a. Let i be d(-5). Suppose i + 59 = 4*y. Calculate the highest common factor of 2 and y.
2
Let g = 18 + 11. Let m = 227 - -34. What is the highest common factor of m and g?
29
Let k be 144/21 - (-1)/7. Calculate the highest common factor of k and 77.
7
Let s(n) = 15*n**2 - 19*n - 11. Let p(y) = 7*y**2 - 9*y - 5. Let m(q) = 13*p(q) - 6*s(q). Let o be m(3). Calculate the greatest common factor of o and 9.
1
Let w = -16 + 20. Suppose 0*p - w*b = -5*p + 10, -2*b = -10. What is the greatest common divisor of p and 6?
6
Suppose 9 = 2*g - 5*g. Let x = g + 9. Calculate the greatest common factor of x and 42.
6
Let i be 7/(-14) - (-9)/2. Suppose 34 = m - i*s - 13, 4*s = -5*m + 259. What is the highest common divisor of 34 and m?
17
Suppose -6*h + 20 = -h. Suppose o - 25 = -h*o. What is the highest common factor of 5 and o?
5
Let l(g) = 7*g - 4. Let f be 14*(-4)/16*-2. Let c be l(f). What is the highest common divisor of c and 5?
5
Let n be 1/(-5) - 1395/25. Let b = n - -89. What is the highest common factor of b and 22?
11
Suppose -2*a - w + 79 = 0, -2*a + 115 = a - 2*w. Let g = a - 15. Suppose -21 = -2*l + 3. What is the greatest common divisor of l and g?
12
Suppose -3*d + 15 = 3*q, -5*q = -5*d - 8 + 23. Suppose 3*w - 61 = -d*s, 5*w - s = -0*w + 94. What is the highest common divisor of 57 and w?
19
Suppose 15 = -2*o - o, 3*p + 15 = -3*o. Suppose p*k = -k. Suppose 4*d - 4*y + 7*y = 12, k = -3*d - 5*y + 9. What is the highest common factor of d and 21?
3
Let i be (-138)/(-33) + 6/(-33). Suppose -2*h = i - 0. Let u be (h/(-4))/((-2)/(-24)). Calculate the greatest common divisor of 15 and u.
3
Let m = 21 - 24. Let o be ((-80)/48)/(1/m). Calculate the greatest common factor of 10 and o.
5
Let t be 18*(-2)/(20/(-25)). Calculate the highest common divisor of 9 and t.
9
Let v(f) = -3 + 9 + f**2 + 1 - 6*f. Let x be v(5). Let s be (x/(-3))/(1/(-9)). What is the highest common factor of s and 48?
6
Suppose -4*r + 185 = 809. Let g = r - -228. Calculate the greatest common divisor of 36 and g.
36
Let v(a) = -a**3 + 3*a + 3. Let h = 0 - 2. Let w be v(h). Calculate the highest common divisor of w and 45.
5
Suppose -2*u - 46 = -2*q, -q - 3*u + 71 = q. Calculate the highest common factor of 7 and q.
7
Let f(g) = 200*g**2 + g - 1. Let m be f(1). Calculate the greatest common factor of 80 and m.
40
Suppose -2*t - 42 = -3*t. Let l = t + 22. Calculate the greatest common factor of 8 and l.
8
Let j(k) = 2*k + 2. Let u be j(6). Let f be u/(2*(-1)/(-4)). Suppose p + 4*c = -1, p - 43 = -4*p + 4*c. What is the greatest common factor of p and f?
7
Let q(w) = -w**3 + w**2 + 18. Let t be q(0). Let i(c) = 2*c**2 + 12*c - 9. Let z be i(-9). What is the highest common factor of z and t?
9
Suppose -2*g + 15 = 3*g. Let w = 5 - g. Suppose 0 = -2*v - w*n - n + 38, 0 = v + 4*n - 29. Calculate the highest common divisor of 65 and v.
13
Let y = -3 + 48. Calculate the greatest common divisor of 30 and y.
15
Suppose -2*b + 3*b - 12 = 0. Suppose 0 = 2*q + 5*n - 68, 0 = -0*q - 4*q - 3*n + 164. Suppose 2*j = 4 + q. Calculate the highest common divisor of b and j.
12
Let o(f) = 3*f - 7. Let y be o(4). Suppose y*n - 489 + 104 = 0. What is the highest common divisor of n and 11?
11
Let x be (-32)/28*(-14 - 0). Let i = 33 + -9. Calculate the greatest common divisor of x and i.
8
Let s be -1*(-8)/(4/1). Suppose 0 = 2*v, 5*f - v - 90 = 3*v. What is the highest common divisor of s and f?
2
Let o be (16/3)/(2/114). What is the highest common factor of 38 and o?
38
Suppose m = 3*m - 12. Suppose 2*a = 5*t - 77, -3*t + 39 = -m*a + 3*a. What is the greatest common factor of 136 and t?
17
Let c = 24 + -19. What is the highest common divisor of 25 and c?
5
Let c(a) = a + 1. Let v = -14 + 20. Let i be c(v). What is the highest common divisor of 14 and i?
7
Let v = 84 + -59. What is the greatest common factor of v and 15?
5
Suppose 0 = -2*i - u + 213, 3*u = -3*i + 121 + 194. Let z be (-3)/6*(1 - 1). Let d(j) = j + 18. Let l be d(z). Calculate the greatest common divisor of i and l.
18
Suppose -4*q - 2 = 2. Let k be ((-2)/(-2))/(q/(-4)). What is the greatest common factor of k and 32?
4
Let k be (1 - -1)*-1 + -53. Let i = -13 - k. Let u(s) = -s**2 - 10*s - 10. Let o be u(-8). What is the highest common divisor of o and i?
6
Suppose 10 = 2*b + 2. Suppose 0*k = b*k - 576. What is the greatest common factor of k and 16?
16
Let v be (-18)/(-4)*2 + 1. Let u(z) = 3*z**2 + 10 - 8*z**2 - z**3 - 4*z**2. Let j be u(-9). What is the highest common divisor of v and j?
10
Let m(f) = -f**2 - f + 38. Let r be -2*9/(-6) - 3. Let j be m(r). What is the greatest common divisor of 57 and j?
19
Suppose 3*q = 4*b - 1, -6 = -3*b + 5*q + 3. Let f be (-1)/b - 429/(-22). What is the greatest common divisor of 10 and f?
10
Suppose 5*g = -0*g + 15. Suppose -g*v = -0*v - 30. Let a = 1 - -19. What is the greatest common divisor of a and v?
10
Let i = 651 + -300. What is the highest common divisor of 27 and i?
27
Suppose -12 = 2*b - 5*b. Suppose 3*h - 28 - 19 = -4*m, -b*m = 2*h - 42. Calculate the highest common divisor of m and 4.
4
Suppose c + b + 11 = -2*c, -4*c - 3*b = 23. Let t be ((-16)/6 - c)*-33. Let i be (-835)/(-55) + (-4)/t. What is the highest common factor of 10 and i?
5
Suppose 5*a - 2*m = 50, 3*m - 51 = -2*a - a. What is the highest common divisor of a and 36?
12
Let t be (-2)/((6 - 3)/3). Let d be (-40)/(-22) - t/11. Suppose 2*h = 5*r, -4*r - h = -d*h - 3. Calculate the greatest common factor of 2 and r.
2
Suppose -m = m + 5*u - 16, 0 = 4*m + u - 68. Suppose 0 = 2*t + 3*t - 445. Let i = -62 + t. Calculate the greatest common divisor of i and m.
9
Suppose -5*p = 4*j - 97, -2*j = p - 13 - 4. Calculate the greatest common divisor of 168 and p.
21
Let x = 107 - 72. Suppose g - 16 = -3*g. Let w = 1 + g. What is the highest common factor of w and x?
5
Let s = -58 - -124. Suppose 3*t + 0*t - 90 = 0. Suppose -5*f + t = -0*f. Calculate the highest common factor of f and s.
6
Suppose -4*j + 6*j - 2*y = 12, -2*y + 28 = 3*j. Suppose -44 = -5*q + 21. Suppose q + 115 = 4*n. What is the highest common factor of j and n?
8
Let o = 37 + -26. Let f be 4/(-18) - (-2085)/27. Wh